{"id":1613,"date":"2017-06-23T12:47:24","date_gmt":"2017-06-23T12:47:24","guid":{"rendered":"http:\/\/altius.fwp.fastwp.net\/?page_id=1613"},"modified":"2023-01-26T17:06:05","modified_gmt":"2023-01-26T16:06:05","slug":"ecosistema","status":"publish","type":"page","link":"https:\/\/www.nucliodigital.com\/index.php\/ecosistema\/","title":{"rendered":"Ecosistema"},"content":{"rendered":"<p>[vc_row row_type=\u00bb3s\u00bb row_overlay_color=\u00bbheroBlack\u00bb horizontal_center=\u00bb1&#8243; row_color=\u00bbbgBlack\u00bb row_padding=\u00bbdefault\u00bb row_image_bg=\u00bb1614&#8243;][vc_column width=\u00bb2\/3&#8243; offset=\u00bbvc_col-lg-6 vc_col-md-7&#8243;]<h6 class=\"text-left\">Mismo Nuclio, distintos roles<\/h6><div class=\"divider\"><\/div><h2 class=\"text-left\">Como en f\u00edsica, Nuclio posee la carga el\u00e9ctrica y somos el elemento primordial al que se adhiere todo el ecosistema que formamos.<\/h2>[\/vc_column][\/vc_row][vc_row row_color=\u00bbbgWhite\u00bb row_padding=\u00bbdefault\u00bb extra=\u00bbclearfix\u00bb][vc_column extra=\u00bbsmall-centered\u00bb offset=\u00bbvc_col-lg-7 vc_col-md-10&#8243;]<h3 class=\"text-center\">Nuestros elementos esenciales<\/h3><div class=\"dividerCenter\"><\/div>[\/vc_column][\/vc_row][vc_row][vc_column]<div class=\"row stretched\">\r\n                        <div class=\"sectionSeparator\"><\/div>\r\n                    <\/div>[\/vc_column][\/vc_row][vc_row][vc_column]<div id=\"section-team-5580\" class=\"row stretched stretched\" data-equalizer data-events=\"mutate\"><div class=\"small-12 medium-12 large-4 columns noPadding\">\r\n            <div class=\"teamBoxed\" data-equalizer-watch=\"\">\r\n\r\n            <div>\r\n                <img decoding=\"async\" src=\"https:\/\/www.nucliodigital.com\/wp-content\/uploads\/2023\/01\/NVB.jpg\" alt=\"\" \/>\r\n            <\/div>\r\n\r\n            <div class=\"memberBio\">\r\n                <h6>VENTURE BUILDER<\/h6>\r\n                <span class=\"smallText\"><\/span>\r\n                <div class=\"dividerBlack\"><\/div>\r\n                <p class=\"smallText\">Nuclio Venture Builder es uno de les Venture Builders m\u00e1s reconocidos y exitosos del pa\u00eds. Ofrece a sus emprendedores soporte en la b\u00fasqueda de inversi\u00f3n, servicios corporativos, sueldo, equity y acompa\u00f1amiento en todas las fases de la compa\u00f1\u00eda.<\/p>\r\n                <div class=\"socialIcons\">\r\n                    <ul class=\"inline-list\"><li><a href=\"https:\/\/www.nuclio.com\/es\/\"><span class=\"icon-desktop2\"><\/span><\/a><\/li><\/ul>\r\n                <\/div>\r\n            <\/div>\r\n\r\n            <\/div>\r\n\r\n            <\/div><div class=\"small-12 medium-12 large-4 columns noPadding\">\r\n            <div class=\"teamBoxed\" data-equalizer-watch=\"\">\r\n\r\n            <div>\r\n                <img decoding=\"async\" src=\"https:\/\/www.nucliodigital.com\/wp-content\/uploads\/2023\/01\/NT.jpg\" alt=\"\" \/>\r\n            <\/div>\r\n\r\n            <div class=\"memberBio\">\r\n                <h6>TALENT<\/h6>\r\n                <span class=\"smallText\"><\/span>\r\n                <div class=\"dividerBlack\"><\/div>\r\n                <p class=\"smallText\">Nuclio Talent es una compa\u00f1\u00eda de Talent Acquisition especialista en la b\u00fasqueda de directivos, Mandos Intermedios, T\u00e9cnicos, Especialistas y Emprendedores de la Industria digital.<\/p>\r\n                <div class=\"socialIcons\">\r\n                    <ul class=\"inline-list\"><li><a href=\"https:\/\/www.nucliotalent.com\/\"><span class=\"icon-desktop2\"><\/span><\/a><\/li><\/ul>\r\n                <\/div>\r\n            <\/div>\r\n\r\n            <\/div>\r\n\r\n            <\/div><div class=\"small-12 medium-12 large-4 columns noPadding\">\r\n            <div class=\"teamBoxed\" data-equalizer-watch=\"\">\r\n\r\n            <div>\r\n                <img decoding=\"async\" src=\"https:\/\/www.nucliodigital.com\/wp-content\/uploads\/2023\/01\/NDS.jpg\" alt=\"\" \/>\r\n            <\/div>\r\n\r\n            <div class=\"memberBio\">\r\n                <h6>DIGITAL SCHOOL<\/h6>\r\n                <span class=\"smallText\"><\/span>\r\n                <div class=\"dividerBlack\"><\/div>\r\n                <p class=\"smallText\">Nuclio Digital School es a d\u00eda de hoy una de les escuelas de negocio digitales m\u00e1s importantes del pa\u00eds. Proporciona cursos presenciales y en formato streaming para capacitar a sus alumnos en pr\u00e1cticamente todas las disciplinas destacables dentro del ecosistema digital.<\/p>\r\n                <div class=\"socialIcons\">\r\n                    <ul class=\"inline-list\"><li><a href=\"https:\/\/nuclio.school\/?lang=en\"><span class=\"icon-desktop2\"><\/span><\/a><\/li><\/ul>\r\n                <\/div>\r\n            <\/div>\r\n\r\n            <\/div>\r\n\r\n            <\/div><div class=\"small-12 medium-12 large-4 columns noPadding\">\r\n            <div class=\"teamBoxed\" data-equalizer-watch=\"\">\r\n\r\n            <div>\r\n                <img decoding=\"async\" src=\"https:\/\/www.nucliodigital.com\/wp-content\/uploads\/2021\/07\/tech-barcelona.jpg\" alt=\"\" \/>\r\n            <\/div>\r\n\r\n            <div class=\"memberBio\">\r\n                <h6>TECH BARCELONA<\/h6>\r\n                <span class=\"smallText\"><\/span>\r\n                <div class=\"dividerBlack\"><\/div>\r\n                <p class=\"smallText\">Co-fundada y Liderada por algunos de los mejores emprendedores, inversores y directivos del pa\u00eds, es una asociaci\u00f3n privada sin \u00e1nimo de lucro que tiene por misi\u00f3n posicionar Barcelona como uno de los principales Hubs Tecnol\u00f3gicos a nivel internacional.<\/p>\r\n                <div class=\"socialIcons\">\r\n                    <ul class=\"inline-list\"><li><a href=\"https:\/\/techbarcelona.com\/\"><span class=\"icon-desktop2\"><\/span><\/a><\/li><\/ul>\r\n                <\/div>\r\n            <\/div>\r\n\r\n            <\/div>\r\n\r\n            <\/div><div class=\"small-12 medium-12 large-4 columns noPadding\">\r\n            <div class=\"teamBoxed\" data-equalizer-watch=\"\">\r\n\r\n            <div>\r\n                <img decoding=\"async\" src=\"https:\/\/www.nucliodigital.com\/wp-content\/uploads\/2023\/01\/encomenda.jpg\" alt=\"\" \/>\r\n            <\/div>\r\n\r\n            <div class=\"memberBio\">\r\n                <h6>ENCOMENDA<\/h6>\r\n                <span class=\"smallText\"><\/span>\r\n                <div class=\"dividerBlack\"><\/div>\r\n                <p class=\"smallText\">Encomenda es un fondo de inversi\u00f3n en compa\u00f1\u00edas Early Stage. Dentro de su portfolio cuenta con startups reconocidas como Goin, Refruiting, Cobee, Typs, Aqu\u00ed tu Reforma, Nemuru, Landbot.io\u2026 Su comit\u00e9 de inversiones lo forman algunos de los inversores y directivos digitales m\u00e1s prestigiosos del pa\u00eds.<\/p>\r\n                <div class=\"socialIcons\">\r\n                    <ul class=\"inline-list\"><li><a href=\"https:\/\/encomenda.com\/\"><span class=\"icon-desktop2\"><\/span><\/a><\/li><\/ul>\r\n                <\/div>\r\n            <\/div>\r\n\r\n            <\/div>\r\n\r\n            <\/div><div class=\"small-12 medium-12 large-4 columns noPadding\">\r\n            <div class=\"teamBoxed\" data-equalizer-watch=\"\">\r\n\r\n            <div>\r\n                <img decoding=\"async\" src=\"https:\/\/www.nucliodigital.com\/wp-content\/uploads\/2021\/07\/conector-muestra.jpg\" alt=\"\" \/>\r\n            <\/div>\r\n\r\n            <div class=\"memberBio\">\r\n                <h6>CONECTOR<\/h6>\r\n                <span class=\"smallText\"><\/span>\r\n                <div class=\"dividerBlack\"><\/div>\r\n                <p class=\"smallText\">Conector es una aceleradora de startups . Se caracteriza por su m\u00e9todo de formaci\u00f3n, su sistema de alianzas con grandes corporaciones (Porsche, Bankia, Seat, Abanca, Novartis\u2026) y sobretodo por tener una de las redes de mentores m\u00e1s importantes del pa\u00eds.<\/p>\r\n                <div class=\"socialIcons\">\r\n                    <ul class=\"inline-list\"><li><a href=\"https:\/\/www.conector.com\/\"><span class=\"icon-desktop2\"><\/span><\/a><\/li><\/ul>\r\n                <\/div>\r\n            <\/div>\r\n\r\n            <\/div>\r\n\r\n            <\/div><\/div>[\/vc_column][\/vc_row][vc_row row_color=\u00bbbgWhite\u00bb row_padding=\u00bbdefault\u00bb extra=\u00bbclearfix\u00bb][vc_column]<h5 class=\"text-center\">Nuestras empresas incubadas<\/h5><div class=\"dividerCenterBlack\"><\/div>[vc_row_inner el_class=\u00bbmarginTop\u00bb][vc_column_inner]<ul class=\"row collapse small-up-2 medium-up-3 large-up-3 clientsGrid no-bullet\"><li class=\"column\">\r\n\t\t\t\t\t<img decoding=\"async\" src=\"https:\/\/www.nucliodigital.com\/wp-content\/uploads\/2023\/01\/housfy-logo.jpg\" alt=\"\" \/>\r\n\t\t\t\t   <\/li><li class=\"column\">\r\n\t\t\t\t\t<img decoding=\"async\" src=\"https:\/\/www.nucliodigital.com\/wp-content\/uploads\/2023\/01\/rooteco-1.jpg\" alt=\"\" \/>\r\n\t\t\t\t   <\/li><li class=\"column\">\r\n\t\t\t\t\t<img decoding=\"async\" src=\"https:\/\/www.nucliodigital.com\/wp-content\/uploads\/2023\/01\/hastee.jpg\" alt=\"\" \/>\r\n\t\t\t\t   <\/li><li class=\"column\">\r\n\t\t\t\t\t<img decoding=\"async\" src=\"https:\/\/www.nucliodigital.com\/wp-content\/uploads\/2023\/01\/Paymefy.jpg\" alt=\"\" \/>\r\n\t\t\t\t   <\/li><li class=\"column\">\r\n\t\t\t\t\t<img decoding=\"async\" src=\"https:\/\/www.nucliodigital.com\/wp-content\/uploads\/2023\/01\/casum.jpg\" alt=\"\" \/>\r\n\t\t\t\t   <\/li><li class=\"column\">\r\n\t\t\t\t\t<img decoding=\"async\" src=\"https:\/\/www.nucliodigital.com\/wp-content\/uploads\/2023\/01\/docfarma-logo.jpg\" alt=\"\" \/>\r\n\t\t\t\t   <\/li><li class=\"column\">\r\n\t\t\t\t\t<img decoding=\"async\" src=\"https:\/\/www.nucliodigital.com\/wp-content\/uploads\/2023\/01\/kintai.jpg\" alt=\"\" \/>\r\n\t\t\t\t   <\/li><li class=\"column\">\r\n\t\t\t\t\t<img decoding=\"async\" src=\"https:\/\/www.nucliodigital.com\/wp-content\/uploads\/2021\/07\/finteca-peque.jpg\" alt=\"\" \/>\r\n\t\t\t\t   <\/li><li class=\"column\">\r\n\t\t\t\t\t<img decoding=\"async\" src=\"https:\/\/www.nucliodigital.com\/wp-content\/uploads\/2023\/01\/profe.jpg\" alt=\"\" \/>\r\n\t\t\t\t   <\/li><\/ul>[\/vc_column_inner][\/vc_row_inner][\/vc_column][\/vc_row]<\/p>\n","protected":false},"excerpt":{"rendered":"<p>[vc_row row_type=\u00bb3s\u00bb row_overlay_color=\u00bbheroBlack\u00bb horizontal_center=\u00bb1&#8243; row_color=\u00bbbgBlack\u00bb row_padding=\u00bbdefault\u00bb row_image_bg=\u00bb1614&#8243;][vc_column width=\u00bb2\/3&#8243; offset=\u00bbvc_col-lg-6 vc_col-md-7&#8243;][\/vc_column][\/vc_row][vc_row row_color=\u00bbbgWhite\u00bb row_padding=\u00bbdefault\u00bb extra=\u00bbclearfix\u00bb][vc_column extra=\u00bbsmall-centered\u00bb offset=\u00bbvc_col-lg-7 vc_col-md-10&#8243;][\/vc_column][\/vc_row][vc_row][vc_column][\/vc_column][\/vc_row][vc_row][vc_column][\/vc_column][\/vc_row][vc_row row_color=\u00bbbgWhite\u00bb row_padding=\u00bbdefault\u00bb extra=\u00bbclearfix\u00bb][vc_column][vc_row_inner el_class=\u00bbmarginTop\u00bb][vc_column_inner][\/vc_column_inner][\/vc_row_inner][\/vc_column][\/vc_row]<\/p>\n","protected":false},"author":2,"featured_media":0,"parent":0,"menu_order":0,"comment_status":"closed","ping_status":"closed","template":"template-page-boxed.php","meta":{"footnotes":""},"class_list":["post-1613","page","type-page","status-publish","hentry"],"yoast_head":"<!-- This site is optimized with the Yoast SEO plugin v24.9 - https:\/\/yoast.com\/wordpress\/plugins\/seo\/ -->\n<title>Ecosistema - Nuclio Digital<\/title>\n<meta name=\"robots\" content=\"index, follow, max-snippet:-1, max-image-preview:large, max-video-preview:-1\" \/>\n<link rel=\"canonical\" href=\"https:\/\/www.nucliodigital.com\/index.php\/ecosistema\/\" \/>\n<meta property=\"og:locale\" content=\"es_ES\" \/>\n<meta property=\"og:type\" content=\"article\" \/>\n<meta property=\"og:title\" content=\"Ecosistema - Nuclio Digital\" \/>\n<meta property=\"og:description\" content=\"[vc_row row_type=\u00bb3s\u00bb row_overlay_color=\u00bbheroBlack\u00bb horizontal_center=\u00bb1&#8243; row_color=\u00bbbgBlack\u00bb row_padding=\u00bbdefault\u00bb row_image_bg=\u00bb1614&#8243;][vc_column width=\u00bb2\/3&#8243; offset=\u00bbvc_col-lg-6 vc_col-md-7&#8243;][\/vc_column][\/vc_row][vc_row row_color=\u00bbbgWhite\u00bb row_padding=\u00bbdefault\u00bb extra=\u00bbclearfix\u00bb][vc_column extra=\u00bbsmall-centered\u00bb offset=\u00bbvc_col-lg-7 vc_col-md-10&#8243;][\/vc_column][\/vc_row][vc_row][vc_column][\/vc_column][\/vc_row][vc_row][vc_column][\/vc_column][\/vc_row][vc_row row_color=\u00bbbgWhite\u00bb row_padding=\u00bbdefault\u00bb extra=\u00bbclearfix\u00bb][vc_column][vc_row_inner el_class=\u00bbmarginTop\u00bb][vc_column_inner][\/vc_column_inner][\/vc_row_inner][\/vc_column][\/vc_row]\" \/>\n<meta property=\"og:url\" content=\"https:\/\/www.nucliodigital.com\/index.php\/ecosistema\/\" \/>\n<meta property=\"og:site_name\" content=\"Nuclio Digital\" \/>\n<meta property=\"article:modified_time\" content=\"2023-01-26T16:06:05+00:00\" \/>\n<meta name=\"twitter:card\" content=\"summary_large_image\" \/>\n<meta name=\"twitter:label1\" content=\"Tiempo de lectura\" \/>\n\t<meta name=\"twitter:data1\" content=\"2 minutos\" \/>\n<script type=\"application\/ld+json\" class=\"yoast-schema-graph\">{\"@context\":\"https:\/\/schema.org\",\"@graph\":[{\"@type\":\"WebPage\",\"@id\":\"https:\/\/www.nucliodigital.com\/index.php\/ecosistema\/\",\"url\":\"https:\/\/www.nucliodigital.com\/index.php\/ecosistema\/\",\"name\":\"Ecosistema - Nuclio Digital\",\"isPartOf\":{\"@id\":\"https:\/\/www.nucliodigital.com\/#website\"},\"datePublished\":\"2017-06-23T12:47:24+00:00\",\"dateModified\":\"2023-01-26T16:06:05+00:00\",\"breadcrumb\":{\"@id\":\"https:\/\/www.nucliodigital.com\/index.php\/ecosistema\/#breadcrumb\"},\"inLanguage\":\"es\",\"potentialAction\":[{\"@type\":\"ReadAction\",\"target\":[\"https:\/\/www.nucliodigital.com\/index.php\/ecosistema\/\"]}]},{\"@type\":\"BreadcrumbList\",\"@id\":\"https:\/\/www.nucliodigital.com\/index.php\/ecosistema\/#breadcrumb\",\"itemListElement\":[{\"@type\":\"ListItem\",\"position\":1,\"name\":\"Portada\",\"item\":\"https:\/\/www.nucliodigital.com\/\"},{\"@type\":\"ListItem\",\"position\":2,\"name\":\"Ecosistema\"}]},{\"@type\":\"WebSite\",\"@id\":\"https:\/\/www.nucliodigital.com\/#website\",\"url\":\"https:\/\/www.nucliodigital.com\/\",\"name\":\"Nuclio Digital\",\"description\":\"Nuclio Digital + es una firma especializada en digitalizaci\u00f3n de servicios e innovaci\u00f3n. \",\"publisher\":{\"@id\":\"https:\/\/www.nucliodigital.com\/#organization\"},\"potentialAction\":[{\"@type\":\"SearchAction\",\"target\":{\"@type\":\"EntryPoint\",\"urlTemplate\":\"https:\/\/www.nucliodigital.com\/?s={search_term_string}\"},\"query-input\":{\"@type\":\"PropertyValueSpecification\",\"valueRequired\":true,\"valueName\":\"search_term_string\"}}],\"inLanguage\":\"es\"},{\"@type\":\"Organization\",\"@id\":\"https:\/\/www.nucliodigital.com\/#organization\",\"name\":\"Nuclio DIgital +\",\"url\":\"https:\/\/www.nucliodigital.com\/\",\"logo\":{\"@type\":\"ImageObject\",\"inLanguage\":\"es\",\"@id\":\"https:\/\/www.nucliodigital.com\/#\/schema\/logo\/image\/\",\"url\":\"https:\/\/www.nucliodigital.com\/wp-content\/uploads\/2021\/07\/nuclio-4.png\",\"contentUrl\":\"https:\/\/www.nucliodigital.com\/wp-content\/uploads\/2021\/07\/nuclio-4.png\",\"width\":300,\"height\":100,\"caption\":\"Nuclio DIgital +\"},\"image\":{\"@id\":\"https:\/\/www.nucliodigital.com\/#\/schema\/logo\/image\/\"}}]}<\/script>\n<!-- \/ Yoast SEO plugin. -->","yoast_head_json":{"title":"Ecosistema - Nuclio Digital","robots":{"index":"index","follow":"follow","max-snippet":"max-snippet:-1","max-image-preview":"max-image-preview:large","max-video-preview":"max-video-preview:-1"},"canonical":"https:\/\/www.nucliodigital.com\/index.php\/ecosistema\/","og_locale":"es_ES","og_type":"article","og_title":"Ecosistema - Nuclio Digital","og_description":"[vc_row row_type=\u00bb3s\u00bb row_overlay_color=\u00bbheroBlack\u00bb horizontal_center=\u00bb1&#8243; row_color=\u00bbbgBlack\u00bb row_padding=\u00bbdefault\u00bb row_image_bg=\u00bb1614&#8243;][vc_column width=\u00bb2\/3&#8243; offset=\u00bbvc_col-lg-6 vc_col-md-7&#8243;][\/vc_column][\/vc_row][vc_row row_color=\u00bbbgWhite\u00bb row_padding=\u00bbdefault\u00bb extra=\u00bbclearfix\u00bb][vc_column extra=\u00bbsmall-centered\u00bb offset=\u00bbvc_col-lg-7 vc_col-md-10&#8243;][\/vc_column][\/vc_row][vc_row][vc_column][\/vc_column][\/vc_row][vc_row][vc_column][\/vc_column][\/vc_row][vc_row row_color=\u00bbbgWhite\u00bb row_padding=\u00bbdefault\u00bb extra=\u00bbclearfix\u00bb][vc_column][vc_row_inner el_class=\u00bbmarginTop\u00bb][vc_column_inner][\/vc_column_inner][\/vc_row_inner][\/vc_column][\/vc_row]","og_url":"https:\/\/www.nucliodigital.com\/index.php\/ecosistema\/","og_site_name":"Nuclio Digital","article_modified_time":"2023-01-26T16:06:05+00:00","twitter_card":"summary_large_image","twitter_misc":{"Tiempo de lectura":"2 minutos"},"schema":{"@context":"https:\/\/schema.org","@graph":[{"@type":"WebPage","@id":"https:\/\/www.nucliodigital.com\/index.php\/ecosistema\/","url":"https:\/\/www.nucliodigital.com\/index.php\/ecosistema\/","name":"Ecosistema - Nuclio Digital","isPartOf":{"@id":"https:\/\/www.nucliodigital.com\/#website"},"datePublished":"2017-06-23T12:47:24+00:00","dateModified":"2023-01-26T16:06:05+00:00","breadcrumb":{"@id":"https:\/\/www.nucliodigital.com\/index.php\/ecosistema\/#breadcrumb"},"inLanguage":"es","potentialAction":[{"@type":"ReadAction","target":["https:\/\/www.nucliodigital.com\/index.php\/ecosistema\/"]}]},{"@type":"BreadcrumbList","@id":"https:\/\/www.nucliodigital.com\/index.php\/ecosistema\/#breadcrumb","itemListElement":[{"@type":"ListItem","position":1,"name":"Portada","item":"https:\/\/www.nucliodigital.com\/"},{"@type":"ListItem","position":2,"name":"Ecosistema"}]},{"@type":"WebSite","@id":"https:\/\/www.nucliodigital.com\/#website","url":"https:\/\/www.nucliodigital.com\/","name":"Nuclio Digital","description":"Nuclio Digital + es una firma especializada en digitalizaci\u00f3n de servicios e innovaci\u00f3n. ","publisher":{"@id":"https:\/\/www.nucliodigital.com\/#organization"},"potentialAction":[{"@type":"SearchAction","target":{"@type":"EntryPoint","urlTemplate":"https:\/\/www.nucliodigital.com\/?s={search_term_string}"},"query-input":{"@type":"PropertyValueSpecification","valueRequired":true,"valueName":"search_term_string"}}],"inLanguage":"es"},{"@type":"Organization","@id":"https:\/\/www.nucliodigital.com\/#organization","name":"Nuclio DIgital +","url":"https:\/\/www.nucliodigital.com\/","logo":{"@type":"ImageObject","inLanguage":"es","@id":"https:\/\/www.nucliodigital.com\/#\/schema\/logo\/image\/","url":"https:\/\/www.nucliodigital.com\/wp-content\/uploads\/2021\/07\/nuclio-4.png","contentUrl":"https:\/\/www.nucliodigital.com\/wp-content\/uploads\/2021\/07\/nuclio-4.png","width":300,"height":100,"caption":"Nuclio DIgital +"},"image":{"@id":"https:\/\/www.nucliodigital.com\/#\/schema\/logo\/image\/"}}]}},"_links":{"self":[{"href":"https:\/\/www.nucliodigital.com\/index.php\/wp-json\/wp\/v2\/pages\/1613","targetHints":{"allow":["GET"]}}],"collection":[{"href":"https:\/\/www.nucliodigital.com\/index.php\/wp-json\/wp\/v2\/pages"}],"about":[{"href":"https:\/\/www.nucliodigital.com\/index.php\/wp-json\/wp\/v2\/types\/page"}],"author":[{"embeddable":true,"href":"https:\/\/www.nucliodigital.com\/index.php\/wp-json\/wp\/v2\/users\/2"}],"replies":[{"embeddable":true,"href":"https:\/\/www.nucliodigital.com\/index.php\/wp-json\/wp\/v2\/comments?post=1613"}],"version-history":[{"count":33,"href":"https:\/\/www.nucliodigital.com\/index.php\/wp-json\/wp\/v2\/pages\/1613\/revisions"}],"predecessor-version":[{"id":3534,"href":"https:\/\/www.nucliodigital.com\/index.php\/wp-json\/wp\/v2\/pages\/1613\/revisions\/3534"}],"wp:attachment":[{"href":"https:\/\/www.nucliodigital.com\/index.php\/wp-json\/wp\/v2\/media?parent=1613"}],"curies":[{"name":"wp","href":"https:\/\/api.w.org\/{rel}","templated":true}]}}