{"id":2489,"date":"2017-07-03T10:34:08","date_gmt":"2017-07-03T10:34:08","guid":{"rendered":"http:\/\/altius.fwp.fastwp.net\/?page_id=2489"},"modified":"2023-01-16T17:17:11","modified_gmt":"2023-01-16T16:17:11","slug":"informes-de-mercado","status":"publish","type":"page","link":"https:\/\/www.nucliodigital.com\/index.php\/informes-de-mercado\/","title":{"rendered":"Informes de mercado"},"content":{"rendered":"<p>[vc_row row_color=\u00bbbgWhite\u00bb equal_columns=\u00bb1&#8243; data_equalizer=\u00bbIn\u00bb][vc_column extra=\u00bbnoPadding\u00bb offset=\u00bbvc_col-lg-6 vc_col-md-12&#8243;][vc_single_image image=\u00bb3493&#8243; img_size=\u00bbfull\u00bb css=\u00bb.vc_custom_1629717568130{margin-top: 0px !important;margin-right: 0px !important;margin-bottom: 0px !important;margin-left: 0px !important;border-top-width: 0px !important;border-right-width: 0px !important;border-bottom-width: 0px !important;border-left-width: 0px !important;padding-top: 0px !important;padding-right: 0px !important;padding-bottom: 0px !important;padding-left: 0px !important;}\u00bb el_class=\u00bbpaddingTop paddingBottom\u00bb][\/vc_column][vc_column offset=\u00bbvc_col-lg-6 vc_col-md-12&#8243;][vc_row_inner inner_extra=\u00bbpadding,clearfix\u00bb][vc_column_inner]<h2 class=\"text-left\">Informes sobre inversiones globales y por verticales<\/h2><div class=\"divider\"><\/div>[vc_column_text]Obt\u00e9n nuestros informes globales o solicita el tuyo adaptado a las necesidades de tu empresa.[\/vc_column_text][vc_column_text]<\/p>\n<p class=\"smallText\">Cada mes, realizamos informes globales de inversi\u00f3n en startups en los que analizamos las \u00faltimas tendencias en inversi\u00f3n, principales operaciones, desglosamos las caracter\u00edsticas de los diferentes mercados y tipos de inversores.<\/p>\n<p>[\/vc_column_text]<a class=\"button small btnBlack hollow\" href=\"mailto:hola@nucliodigital.com\" target=\"_self\">SOL\u00cdCITALO<\/a>[\/vc_column_inner][\/vc_row_inner][\/vc_column][\/vc_row][vc_row][vc_column]<div class=\"row stretched\">\r\n                        <div class=\"sectionSeparator\"><\/div>\r\n                    <\/div>[\/vc_column][\/vc_row][vc_row row_color=\u00bbbgWhite\u00bb equal_columns=\u00bb1&#8243; data_equalizer=\u00bbIn\u00bb][vc_column offset=\u00bbvc_col-lg-6 vc_col-md-12&#8243;][vc_row_inner inner_extra=\u00bbpadding,clearfix\u00bb][vc_column_inner]<h2 class=\"text-left\">No llegues tarde a lo que se est\u00e1 haciendo en tu sector<\/h2><div class=\"divider\"><\/div>[vc_column_text]<\/p>\n<p class=\"smallText\">Realizamos informes a medida sobre innovaci\u00f3n en cualquier sector. \u00bfSabes lo que est\u00e1 pasando en Asia con las empresas Legaltech? \u00bfEn qu\u00e9 modelos de negocio invirtiendo los europeos?<\/p>\n<p>[\/vc_column_text][vc_column_text]<span class=\"icon-arrow-right\"><\/span>Nuevos modelos de negocio<\/p>\n<p><span class=\"icon-arrow-right\"><\/span>Mercados emergentes<\/p>\n<p><span class=\"icon-arrow-right\"><\/span>Startups que marcan la diferencia<\/p>\n<p><span class=\"icon-arrow-right\"><\/span>Soluciones digitales a mercados tradicionales<\/p>\n<p><span class=\"icon-arrow-right\"><\/span>Innovaci\u00f3n tecnol\u00f3gica en tu sector[\/vc_column_text]<a class=\"button small btnBlack hollow\" href=\"mailto:hola@nucliodigital.com\" target=\"_self\">DINOS QU\u00c9 NECESITAS<\/a>[\/vc_column_inner][\/vc_row_inner][\/vc_column][vc_column extra=\u00bbnoPadding\u00bb offset=\u00bbvc_col-lg-6 vc_col-md-12&#8243;][vc_single_image image=\u00bb3396&#8243; img_size=\u00bbfull\u00bb css=\u00bb.vc_custom_1627301369016{margin-top: 0px !important;margin-right: 0px !important;margin-bottom: 0px !important;margin-left: 0px !important;border-top-width: 0px !important;border-right-width: 0px !important;border-bottom-width: 0px !important;border-left-width: 0px !important;padding-top: 0px !important;padding-right: 0px !important;padding-bottom: 0px !important;padding-left: 0px !important;}\u00bb el_class=\u00bbpaddingTop paddingBottom\u00bb][\/vc_column][\/vc_row][vc_row row_color=\u00bbbgBlack\u00bb row_padding=\u00bbdefault\u00bb][vc_column]<h5 class=\"text-center\">Descubre hasta d\u00f3nde podemos llegar<\/h5><div class=\"dividerCenter\"><\/div>[vc_row_inner][vc_column_inner][\/vc_column_inner][\/vc_row_inner][\/vc_column][\/vc_row]<\/p>\n","protected":false},"excerpt":{"rendered":"<p>[vc_row row_color=\u00bbbgWhite\u00bb equal_columns=\u00bb1&#8243; data_equalizer=\u00bbIn\u00bb][vc_column extra=\u00bbnoPadding\u00bb offset=\u00bbvc_col-lg-6 vc_col-md-12&#8243;][vc_single_image image=\u00bb3493&#8243; img_size=\u00bbfull\u00bb css=\u00bb.vc_custom_1629717568130{margin-top: 0px !important;margin-right: 0px !important;margin-bottom: 0px !important;margin-left: 0px !important;border-top-width: 0px !important;border-right-width: 0px !important;border-bottom-width: 0px !important;border-left-width: 0px !important;padding-top: 0px !important;padding-right: 0px !important;padding-bottom: 0px !important;padding-left: 0px !important;}\u00bb el_class=\u00bbpaddingTop paddingBottom\u00bb][\/vc_column][vc_column offset=\u00bbvc_col-lg-6 vc_col-md-12&#8243;][vc_row_inner inner_extra=\u00bbpadding,clearfix\u00bb][vc_column_inner][vc_column_text]Obt\u00e9n nuestros informes globales o solicita el tuyo adaptado a las necesidades de tu empresa.[\/vc_column_text][vc_column_text] Cada mes, [&hellip;]<\/p>\n","protected":false},"author":2,"featured_media":3498,"parent":0,"menu_order":0,"comment_status":"closed","ping_status":"closed","template":"template-page-boxed.php","meta":{"footnotes":""},"class_list":["post-2489","page","type-page","status-publish","has-post-thumbnail","hentry"],"yoast_head":"<!-- This site is optimized with the Yoast SEO plugin v24.9 - https:\/\/yoast.com\/wordpress\/plugins\/seo\/ -->\n<title>Informes de mercado - Nuclio Digital - Adapta tu empresa a las tendencias<\/title>\n<meta name=\"description\" content=\"Realizamos informes de inversi\u00f3n en startups en los que analizamos las \u00faltimas tendencias en inversi\u00f3n en el mercado y sus caracter\u00edsticas.\" \/>\n<meta name=\"robots\" content=\"index, follow, max-snippet:-1, max-image-preview:large, max-video-preview:-1\" \/>\n<link rel=\"canonical\" href=\"https:\/\/www.nucliodigital.com\/index.php\/informes-de-mercado\/\" \/>\n<meta property=\"og:locale\" content=\"es_ES\" \/>\n<meta property=\"og:type\" content=\"article\" \/>\n<meta property=\"og:title\" content=\"Informes de mercado - Nuclio Digital - Adapta tu empresa a las tendencias\" \/>\n<meta property=\"og:description\" content=\"Realizamos informes de inversi\u00f3n en startups en los que analizamos las \u00faltimas tendencias en inversi\u00f3n en el mercado y sus caracter\u00edsticas.\" \/>\n<meta property=\"og:url\" content=\"https:\/\/www.nucliodigital.com\/index.php\/informes-de-mercado\/\" \/>\n<meta property=\"og:site_name\" content=\"Nuclio Digital\" \/>\n<meta property=\"article:modified_time\" content=\"2023-01-16T16:17:11+00:00\" \/>\n<meta property=\"og:image\" content=\"https:\/\/www.nucliodigital.com\/wp-content\/uploads\/2021\/09\/informes-1-e1630495286486.jpg\" \/>\n\t<meta property=\"og:image:width\" content=\"300\" \/>\n\t<meta property=\"og:image:height\" content=\"240\" \/>\n\t<meta property=\"og:image:type\" content=\"image\/jpeg\" \/>\n<meta name=\"twitter:card\" content=\"summary_large_image\" \/>\n<meta name=\"twitter:image\" content=\"https:\/\/www.nucliodigital.com\/wp-content\/uploads\/2021\/09\/informes-1-e1630495286486.jpg\" \/>\n<meta name=\"twitter:label1\" content=\"Tiempo de lectura\" \/>\n\t<meta name=\"twitter:data1\" content=\"2 minutos\" \/>\n<script type=\"application\/ld+json\" class=\"yoast-schema-graph\">{\"@context\":\"https:\/\/schema.org\",\"@graph\":[{\"@type\":[\"WebPage\",\"AboutPage\"],\"@id\":\"https:\/\/www.nucliodigital.com\/index.php\/informes-de-mercado\/\",\"url\":\"https:\/\/www.nucliodigital.com\/index.php\/informes-de-mercado\/\",\"name\":\"Informes de mercado - Nuclio Digital - Adapta tu empresa a las tendencias\",\"isPartOf\":{\"@id\":\"https:\/\/www.nucliodigital.com\/#website\"},\"primaryImageOfPage\":{\"@id\":\"https:\/\/www.nucliodigital.com\/index.php\/informes-de-mercado\/#primaryimage\"},\"image\":{\"@id\":\"https:\/\/www.nucliodigital.com\/index.php\/informes-de-mercado\/#primaryimage\"},\"thumbnailUrl\":\"https:\/\/www.nucliodigital.com\/wp-content\/uploads\/2021\/09\/informes-1-e1630495286486.jpg\",\"datePublished\":\"2017-07-03T10:34:08+00:00\",\"dateModified\":\"2023-01-16T16:17:11+00:00\",\"description\":\"Realizamos informes de inversi\u00f3n en startups en los que analizamos las \u00faltimas tendencias en inversi\u00f3n en el mercado y sus caracter\u00edsticas.\",\"breadcrumb\":{\"@id\":\"https:\/\/www.nucliodigital.com\/index.php\/informes-de-mercado\/#breadcrumb\"},\"inLanguage\":\"es\",\"potentialAction\":[{\"@type\":\"ReadAction\",\"target\":[\"https:\/\/www.nucliodigital.com\/index.php\/informes-de-mercado\/\"]}]},{\"@type\":\"ImageObject\",\"inLanguage\":\"es\",\"@id\":\"https:\/\/www.nucliodigital.com\/index.php\/informes-de-mercado\/#primaryimage\",\"url\":\"https:\/\/www.nucliodigital.com\/wp-content\/uploads\/2021\/09\/informes-1-e1630495286486.jpg\",\"contentUrl\":\"https:\/\/www.nucliodigital.com\/wp-content\/uploads\/2021\/09\/informes-1-e1630495286486.jpg\",\"width\":300,\"height\":240},{\"@type\":\"BreadcrumbList\",\"@id\":\"https:\/\/www.nucliodigital.com\/index.php\/informes-de-mercado\/#breadcrumb\",\"itemListElement\":[{\"@type\":\"ListItem\",\"position\":1,\"name\":\"Portada\",\"item\":\"https:\/\/www.nucliodigital.com\/\"},{\"@type\":\"ListItem\",\"position\":2,\"name\":\"Informes de mercado\"}]},{\"@type\":\"WebSite\",\"@id\":\"https:\/\/www.nucliodigital.com\/#website\",\"url\":\"https:\/\/www.nucliodigital.com\/\",\"name\":\"Nuclio Digital\",\"description\":\"Nuclio Digital + es una firma especializada en digitalizaci\u00f3n de servicios e innovaci\u00f3n. \",\"publisher\":{\"@id\":\"https:\/\/www.nucliodigital.com\/#organization\"},\"potentialAction\":[{\"@type\":\"SearchAction\",\"target\":{\"@type\":\"EntryPoint\",\"urlTemplate\":\"https:\/\/www.nucliodigital.com\/?s={search_term_string}\"},\"query-input\":{\"@type\":\"PropertyValueSpecification\",\"valueRequired\":true,\"valueName\":\"search_term_string\"}}],\"inLanguage\":\"es\"},{\"@type\":\"Organization\",\"@id\":\"https:\/\/www.nucliodigital.com\/#organization\",\"name\":\"Nuclio DIgital +\",\"url\":\"https:\/\/www.nucliodigital.com\/\",\"logo\":{\"@type\":\"ImageObject\",\"inLanguage\":\"es\",\"@id\":\"https:\/\/www.nucliodigital.com\/#\/schema\/logo\/image\/\",\"url\":\"https:\/\/www.nucliodigital.com\/wp-content\/uploads\/2021\/07\/nuclio-4.png\",\"contentUrl\":\"https:\/\/www.nucliodigital.com\/wp-content\/uploads\/2021\/07\/nuclio-4.png\",\"width\":300,\"height\":100,\"caption\":\"Nuclio DIgital +\"},\"image\":{\"@id\":\"https:\/\/www.nucliodigital.com\/#\/schema\/logo\/image\/\"}}]}<\/script>\n<!-- \/ Yoast SEO plugin. -->","yoast_head_json":{"title":"Informes de mercado - Nuclio Digital - Adapta tu empresa a las tendencias","description":"Realizamos informes de inversi\u00f3n en startups en los que analizamos las \u00faltimas tendencias en inversi\u00f3n en el mercado y sus caracter\u00edsticas.","robots":{"index":"index","follow":"follow","max-snippet":"max-snippet:-1","max-image-preview":"max-image-preview:large","max-video-preview":"max-video-preview:-1"},"canonical":"https:\/\/www.nucliodigital.com\/index.php\/informes-de-mercado\/","og_locale":"es_ES","og_type":"article","og_title":"Informes de mercado - Nuclio Digital - Adapta tu empresa a las tendencias","og_description":"Realizamos informes de inversi\u00f3n en startups en los que analizamos las \u00faltimas tendencias en inversi\u00f3n en el mercado y sus caracter\u00edsticas.","og_url":"https:\/\/www.nucliodigital.com\/index.php\/informes-de-mercado\/","og_site_name":"Nuclio Digital","article_modified_time":"2023-01-16T16:17:11+00:00","og_image":[{"width":300,"height":240,"url":"https:\/\/www.nucliodigital.com\/wp-content\/uploads\/2021\/09\/informes-1-e1630495286486.jpg","type":"image\/jpeg"}],"twitter_card":"summary_large_image","twitter_image":"https:\/\/www.nucliodigital.com\/wp-content\/uploads\/2021\/09\/informes-1-e1630495286486.jpg","twitter_misc":{"Tiempo de lectura":"2 minutos"},"schema":{"@context":"https:\/\/schema.org","@graph":[{"@type":["WebPage","AboutPage"],"@id":"https:\/\/www.nucliodigital.com\/index.php\/informes-de-mercado\/","url":"https:\/\/www.nucliodigital.com\/index.php\/informes-de-mercado\/","name":"Informes de mercado - Nuclio Digital - Adapta tu empresa a las tendencias","isPartOf":{"@id":"https:\/\/www.nucliodigital.com\/#website"},"primaryImageOfPage":{"@id":"https:\/\/www.nucliodigital.com\/index.php\/informes-de-mercado\/#primaryimage"},"image":{"@id":"https:\/\/www.nucliodigital.com\/index.php\/informes-de-mercado\/#primaryimage"},"thumbnailUrl":"https:\/\/www.nucliodigital.com\/wp-content\/uploads\/2021\/09\/informes-1-e1630495286486.jpg","datePublished":"2017-07-03T10:34:08+00:00","dateModified":"2023-01-16T16:17:11+00:00","description":"Realizamos informes de inversi\u00f3n en startups en los que analizamos las \u00faltimas tendencias en inversi\u00f3n en el mercado y sus caracter\u00edsticas.","breadcrumb":{"@id":"https:\/\/www.nucliodigital.com\/index.php\/informes-de-mercado\/#breadcrumb"},"inLanguage":"es","potentialAction":[{"@type":"ReadAction","target":["https:\/\/www.nucliodigital.com\/index.php\/informes-de-mercado\/"]}]},{"@type":"ImageObject","inLanguage":"es","@id":"https:\/\/www.nucliodigital.com\/index.php\/informes-de-mercado\/#primaryimage","url":"https:\/\/www.nucliodigital.com\/wp-content\/uploads\/2021\/09\/informes-1-e1630495286486.jpg","contentUrl":"https:\/\/www.nucliodigital.com\/wp-content\/uploads\/2021\/09\/informes-1-e1630495286486.jpg","width":300,"height":240},{"@type":"BreadcrumbList","@id":"https:\/\/www.nucliodigital.com\/index.php\/informes-de-mercado\/#breadcrumb","itemListElement":[{"@type":"ListItem","position":1,"name":"Portada","item":"https:\/\/www.nucliodigital.com\/"},{"@type":"ListItem","position":2,"name":"Informes de mercado"}]},{"@type":"WebSite","@id":"https:\/\/www.nucliodigital.com\/#website","url":"https:\/\/www.nucliodigital.com\/","name":"Nuclio Digital","description":"Nuclio Digital + es una firma especializada en digitalizaci\u00f3n de servicios e innovaci\u00f3n. ","publisher":{"@id":"https:\/\/www.nucliodigital.com\/#organization"},"potentialAction":[{"@type":"SearchAction","target":{"@type":"EntryPoint","urlTemplate":"https:\/\/www.nucliodigital.com\/?s={search_term_string}"},"query-input":{"@type":"PropertyValueSpecification","valueRequired":true,"valueName":"search_term_string"}}],"inLanguage":"es"},{"@type":"Organization","@id":"https:\/\/www.nucliodigital.com\/#organization","name":"Nuclio DIgital +","url":"https:\/\/www.nucliodigital.com\/","logo":{"@type":"ImageObject","inLanguage":"es","@id":"https:\/\/www.nucliodigital.com\/#\/schema\/logo\/image\/","url":"https:\/\/www.nucliodigital.com\/wp-content\/uploads\/2021\/07\/nuclio-4.png","contentUrl":"https:\/\/www.nucliodigital.com\/wp-content\/uploads\/2021\/07\/nuclio-4.png","width":300,"height":100,"caption":"Nuclio DIgital +"},"image":{"@id":"https:\/\/www.nucliodigital.com\/#\/schema\/logo\/image\/"}}]}},"_links":{"self":[{"href":"https:\/\/www.nucliodigital.com\/index.php\/wp-json\/wp\/v2\/pages\/2489","targetHints":{"allow":["GET"]}}],"collection":[{"href":"https:\/\/www.nucliodigital.com\/index.php\/wp-json\/wp\/v2\/pages"}],"about":[{"href":"https:\/\/www.nucliodigital.com\/index.php\/wp-json\/wp\/v2\/types\/page"}],"author":[{"embeddable":true,"href":"https:\/\/www.nucliodigital.com\/index.php\/wp-json\/wp\/v2\/users\/2"}],"replies":[{"embeddable":true,"href":"https:\/\/www.nucliodigital.com\/index.php\/wp-json\/wp\/v2\/comments?post=2489"}],"version-history":[{"count":20,"href":"https:\/\/www.nucliodigital.com\/index.php\/wp-json\/wp\/v2\/pages\/2489\/revisions"}],"predecessor-version":[{"id":3495,"href":"https:\/\/www.nucliodigital.com\/index.php\/wp-json\/wp\/v2\/pages\/2489\/revisions\/3495"}],"wp:featuredmedia":[{"embeddable":true,"href":"https:\/\/www.nucliodigital.com\/index.php\/wp-json\/wp\/v2\/media\/3498"}],"wp:attachment":[{"href":"https:\/\/www.nucliodigital.com\/index.php\/wp-json\/wp\/v2\/media?parent=2489"}],"curies":[{"name":"wp","href":"https:\/\/api.w.org\/{rel}","templated":true}]}}